ltiple of 57?
False
Does 7 divide 344809851?
False
Is 88 a factor of 1569378272?
True
Does 18 divide 348452410?
False
Does 9 divide 161406864?
True
Is 323 a factor of 565157210?
False
Is 14 a factor of 55589315?
False
Is 756674986 a multiple of 885?
False
Is 5745899 a multiple of 161?
False
Is 2521593 even?
False
Is 10204792 a multiple of 14?
False
Does 22 divide 1906322?
True
Does 348 divide 31710108?
True
Is 12 a factor of 163515424?
False
Is 112828057 a multiple of 221?
False
Is 526 a factor of 14684868?
True
Is 737498 a multiple of 66?
False
Does 358 divide 86256878?
True
Does 13 divide 13096486?
True
Does 2930 divide 814472610?
True
Is 10 a factor of 114210570?
True
Does 2312 divide 46942848?
True
Is 1663 a factor of 413322020?
True
Does 184 divide 7904550760?
True
Is 408034374 a multiple of 2026?
True
Is 917476476 a multiple of 28?
True
Does 107 divide 121331901?
True
Does 59 divide 63973936?
True
Is 68 a factor of 39270563?
False
Is 3589020 a multiple of 1413?
True
Is 259 a factor of 73170090?
True
Is 25 a factor of 2748541175?
True
Is 214 a factor of 14201040?
True
Is 2478 a factor of 38525466?
True
Is 27 a factor of 207854260?
False
Is 15 a factor of 7392504303?
False
Does 16 divide 306807792?
True
Is 6428341 even?
False
Does 4301 divide 602376555?
True
Is 1106931000 a multiple of 500?
True
Does 2341 divide 1792405200?
False
Is 4868405 even?
False
Does 3241 divide 93337946?
False
Is 1672 a factor of 805012824?
True
Is 265174400 a multiple of 640?
True
Is 9 a factor of 77661843?
False
Is 3386 a factor of 1491586325?
False
Is 120049013 a multiple of 23?
False
Does 264 divide 141522756?
False
Is 58 a factor of 54324888?
True
Does 1247 divide 9186649?
True
Is 16 a factor of 10605205?
False
Does 5992 divide 1723928067?
False
Is 373 a factor of 360432884?
True
Does 8 divide 26530264?
True
Does 440 divide 3940364560?
True
Does 83 divide 1194699759?
True
Does 42 divide 227646956?
False
Is 3116 a factor of 656033292?
True
Is 1095697 a multiple of 185?
False
Is 379 a factor of 963239491?
True
Is 67068855 a multiple of 71?
False
Is 59277608 a multiple of 103?
False
Does 139 divide 3307607826?
False
Does 24 divide 464058144?
True
Is 5121243923 a multiple of 590?
False
Is 33331413 a multiple of 141?
True
Is 26904296 a multiple of 10?
False
Is 8544740 a multiple of 5?
True
Is 403938288 a multiple of 156?
True
Is 68 a factor of 9618736?
True
Does 51 divide 6947417?
False
Is 42985700 a multiple of 2075?
True
Does 348 divide 28255164?
True
Does 142 divide 2099975154?
False
Is 205 a factor of 3417965?
True
Is 36 a factor of 229531?
False
Is 103916040 a multiple of 30?
True
Is 102061750 a multiple of 220?
False
Is 15 a factor of 221344650?
True
Is 95789376 a multiple of 64?
True
Does 43 divide 171415684?
False
Is 276 a factor of 66629988?
True
Does 114 divide 23347278?
False
Is 651 a factor of 222058053?
True
Is 67606567 a multiple of 31?
True
Is 103228668 a multiple of 74?
True
Is 100 a factor of 1707592600?
True
Does 338 divide 1942998752?
False
Is 268 a factor of 6410560?
True
Does 22 divide 6253588677?
False
Is 54 a factor of 1614743856?
True
Is 1859 a factor of 482051675?
False
Is 6867215665 a multiple of 11?
False
Does 172 divide 103619691?
False
Does 213 divide 58924863?
False
Is 439460315 a multiple of 877?
True
Does 1565 divide 18238978?
False
Does 8 divide 3570689?
False
Is 16053679 a multiple of 33?
False
Does 12 divide 69652748?
False
Is 791 a factor of 781266745?
True
Is 124 a factor of 5272976?
True
Is 675369437 a multiple of 16?
False
Is 6 a factor of 60348242?
False
Is 285 a factor of 43538025?
True
Is 101 a factor of 30406003?
False
Is 3424503545 a multiple of 157?
False
Is 166281958 a multiple of 17?
False
Is 166 a factor of 682654086?
False
Is 157 a factor of 1643729038?
False
Does 7 divide 197701?
True
Does 78 divide 1290954600?
True
Is 3546127904 a multiple of 352?
True
Does 2 divide 175905631?
False
Is 437873424 a multiple of 1558?
False
Is 19956320 even?
True
Does 2254 divide 1344012401?
False
Is 15944490 a multiple of 87?
True
Is 1646 a factor of 166576846?
True
Is 356 a factor of 199033600?
False
Is 40 a factor of 614514440?
True
Does 112 divide 1737974784?
True
Is 21 a factor of 298545570?
False
Is 11 a factor of 2175378049?
False
Is 512999844 a multiple of 7?
True
Is 17633605 a multiple of 8?
False
Is 25 a factor of 13403419?
False
Does 15 divide 746462670?
True
Is 1703656 a multiple of 184?
True
Does 5510 divide 5912698350?
True
Is 852250004 a multiple of 1030?
False
Does 550 divide 2541419650?
True
Is 137609602 a multiple of 1168?
False
Is 46022241 a multiple of 3?
True
Does 1353 divide 1052068920?
False
Is 19531456 a multiple of 448?
True
Is 49 a factor of 733728031?
False
Is 19438974 a multiple of 376?
False
Is 29 a factor of 29810347?
True
Does 146 divide 363688628?
True
Is 168 a factor of 673080998?
False
Is 7229493 a multiple of 1184?
False
Is 140616305 a multiple of 4835?
True
Does 10 divide 53945345?
False
Is 377434176 a multiple of 224?
True
Is 22503802 a multiple of 2219?
False
Is 205 a factor of 106670679?
False
Does 2790 divide 1545587460?
True
Is 6540264 a multiple of 8?
True
Is 45949504 a multiple of 628?
True
Is 3799020 a multiple of 12?
True
Is 293 a factor of 79118790?
True
Does 6 divide 18170892?
True
Is 7 a factor of 177560651?
False
Does 383 divide 250207518?
False
Is 554 a factor of 10693899?
False
Is 101 a factor of 7235539?
True
Does 17 divide 306419084?
True
Does 546 divide 87945858?
True
Is 132412559 a multiple of 904?
False
Is 206970930 a multiple of 772?
False
Does 507 divide 27497652?
True
Does 1454 divide 197242370?
True
Does 320 divide 127668480?
True
Is 52153317 a multiple of 1461?
True
Is 3719297834 a multiple of 90?
False
Does 7398 divide 2522999124?
True
Is 51 a factor of 210164031?
False
Is 274 a factor of 79783868?
True
Is 14708 a factor of 2460368948?
True
Is 220 a factor of 217903388?
False
Is 4844073 a multiple of 39?
True
Is 34946073 a multiple of 2523?
True
Is 167 a factor of 46098513?
True
Is 53 a factor of 14215819?
True
Is 474595289 a multiple of 390?
False
Does 2607 divide 241366488?
True
Does 244 divide 564381?
False
Does 8 divide 316155264?
True
Does 208 divide 126598160?
True
Is 62 a factor of 55573514?
True
Does 85 divide 28247799?
False
Is 40 a factor of 433887474?
False
Is 23 a factor of 13792158?
False
Is 5 a factor of 25070663?
False
Does 252 divide 1143863010?
False
Does 1031 divide 169107713?
True
Does 348 divide 55411544?
False
Does 2506 divide 29260056?
True
Is 414880840 a multiple of 1282?
True
Does 25 divide 80288838?
False
Is 22 a factor of 589551292?
True
Does 343 divide 37416155?
True
Does 4817 divide 259063077?
True
Is 2793699097 a multiple of 16?
False
Is 5662 a factor of 451255738?
True
Is 94073988 a multiple of 102?
True
Does 182 divide 161281302?
True
Is 6 a factor of 4402884?
True
Is 149067114 a multiple of 1282?
True
Is 5675 a factor of 2770739300?
True
Is 49836394 a multiple of 3564?
False
Is 186 a factor of 839284990?
False
Is 18 a factor of 215864640?
True
Is 17195125 a multiple of 339?
False
Is 61856109 a multiple of 879?
True
Does 68 divide 25221200?
True
Does 7 divide 31062106?
False
Is 6 a factor of 12384588?
True
Is 42590080 a multiple of 52?
True
Is 100 a factor of 7741500?
True
Does 32 divide 12251685?
False
Is 697 a factor of 1308153995?
True
Is 11176106 a multiple of 40?
False
Does 4 divide 156389232?
True
Is 672615657 a multiple of 567?
True
Is 65 a factor of 8452349?
False
Is 67671771 a multiple of 123?
True
Does 37 divide 10441585?
True
Is 3911 a factor of 280837177?
True
Does 1520 divide 38580640?
True
Is 2 a factor of 319116122?
True
Is 18 a factor of 77588100?
True
Is 57143666 a multiple of 1206?
False
Does 5545 divide 284109165?
True
Is 79 a factor of 95819179?
True
Is 24614155 a multiple of 8?
False
Is 490342965 a multiple of 2271?
True
Is 30 a factor of 144782010?
True
Does 22 divide 192531320?
False
Does 27 divide 1694885961?
False
Is 29 a factor of 50882443?
True
Is 6261544632 a multiple of 1554?
True
Does 2159 divide 1338355464?
True
Is 133583820 a multiple of 10?
True
Does 929 divide 419618006?
False
Does 6 divide 2156088?
True
Does 750 divide 80028000?
True
Is 9 a factor of 1593165960?
True
Does 14 divide 332287578?
True
Is 228